mber?
False
Let h be 2 - (-960 + 0/(-5)). Suppose -h = c - 3*c. Is c prime?
False
Suppose 6*o - 11*o = 0. Suppose -5*v - 103 + 378 = o. Suppose 5*f = -3*r + 221, -5*r = -5*f - v - 260. Is r prime?
True
Let g = -7 + 25. Let h(q) = -q**2 + 20*q + 19. Is h(g) composite?
True
Suppose 4*z = 7*z + 2520. Suppose 0 = -3*h - h + 6036. Let a = h + z. Is a a composite number?
True
Suppose -2*a = -2*l - 13122, 19691 = -138*a + 141*a + l. Is a a prime number?
True
Let o(b) = 3948*b - 871. Is o(11) a prime number?
True
Suppose 828 = c - 131. Let w = -596 + c. Suppose r - 806 = w. Is r prime?
False
Suppose -17647 = -q + 3*p, p = -4*q + 66164 + 4424. Is q composite?
True
Is -3 + 2 - (1358*-11 + -2) composite?
False
Let b = -23171 + 38922. Is b a prime number?
False
Suppose 0 = -3*o - 3*m + 4134, -17*o - 5*m - 1396 = -18*o. Is o a composite number?
False
Suppose 0 = -5*n + q + 4, -4*q - 4 = 2*n - 3*q. Suppose -2*b = -4*f + 14, n = b - 2 + 1. Suppose -s + 393 = 4*d - 83, 2*d - 238 = f*s. Is d composite?
True
Let u(d) = 50*d**2 + 8*d - 1. Suppose 0 = 7*v - 9*v - 8. Is u(v) a composite number?
True
Let k(i) be the second derivative of 71*i**4/4 + i**3/3 - i**2 + 21*i. Is k(-3) a prime number?
False
Suppose 3*b = -57 + 252. Suppose 5*o - 80 = 13*o. Let z = o + b. Is z a composite number?
True
Let f be 3*(-6)/9*-1. Suppose 1044 = 5*w + 3*d - 2*d, f*d = w - 211. Is w a composite number?
True
Is ((-11947)/(-39))/((-2)/(-6)) prime?
True
Let d(w) = w**3 + 11*w**2 - 7. Let b be d(-6). Suppose -89 = -2*q + b. Suppose 6*z - 5*l - q = 2*z, -5*z + l + 190 = 0. Is z a composite number?
True
Suppose -u - 5*d - 28 = 0, 3*u + 3*d = 4*d - 84. Let w = u - -279. Let m = 436 - w. Is m prime?
False
Is (2062/10)/(10/850) prime?
False
Is (-12)/(-6) - 2 - -111 a composite number?
True
Let f(z) = -119*z + 3. Let p = -10 - -8. Let y be ((-16)/(-24))/(p/3). Is f(y) prime?
False
Let c = 44 - 119. Let q = 12 - c. Suppose -6*x + q = -5*x. Is x a prime number?
False
Suppose -15*u + 11251 + 46184 = 0. Is u a prime number?
False
Let x be (-2 - -5)*(-5)/(-3). Suppose -11 = j - 5*o, 2*j - 5 = -0*j + o. Suppose -4*g + 1228 = -j*a, x*a = -4*g + g + 921. Is g prime?
True
Let q = -732 - -11603. Is q prime?
False
Suppose 4*k = 19569 + 515. Is k composite?
False
Let g be (8778/3 - 2) + 2. Let f = g - 1805. Is f a prime number?
False
Let w(v) = v - 11. Let l be w(13). Suppose -3*o - 2*h - 2*h = -41, -l*h = o - 13. Is o a composite number?
True
Let j be -2*9/6*5. Is ((-409)/4)/(j/60) a prime number?
True
Suppose 24556 = 2*y - 82. Is y a composite number?
True
Let y(j) = 5*j - 13. Let q be y(5). Suppose -11*l = -q*l. Suppose l = h + h - 838. Is h composite?
False
Let o = -37952 - -58813. Is o a composite number?
True
Let s = -2 - -7. Suppose 3*g - 2219 = -5*q - g, -g = s*q - 2231. Suppose 0 = 12*d - 9*d - q. Is d prime?
True
Suppose -16208 = -4*i - 4*z, i + 8113 = 3*i + 5*z. Is i composite?
False
Let n = 15831 - 5284. Is n composite?
True
Suppose 1368376 = 26*x + 66374. Is x composite?
False
Let c(a) = 7*a**2 - 2*a + 12. Let x(j) be the third derivative of j**4/24 + j**3/6 + 11*j**2. Let i(k) = c(k) + 5*x(k). Is i(-6) composite?
False
Let f(r) = r - 1. Let o(m) = -m**3 + 21*m**2 + 11*m + 48. Let z(t) = 4*f(t) + o(t). Is z(21) prime?
True
Is (-4 - 240584/(-32)) + (-10)/8 a composite number?
True
Suppose -12*q + 5958 = 6*q. Is q prime?
True
Let r(f) be the second derivative of -17*f**3/2 - 7*f**2 - 17*f. Let m(p) = p**2 + 18*p + 8. Let b be m(-17). Is r(b) composite?
True
Is (-15)/((-525)/(-154))*18580/(-8) composite?
True
Let w(n) = 0*n + 15 + n + 0*n. Let o be w(-11). Is o/32 - 263/(-8) prime?
False
Let j(n) = n**2 - 3*n + 8. Let y be j(-4). Let q be 9/y - 34/8. Is (26/q)/((-9)/306) prime?
False
Let b be 2/(-8) - (-113229)/36. Is b + 23 + 5/(-1) prime?
True
Let r(x) = 40*x + 7283. Is r(0) a prime number?
True
Let m be 1/(-2) - 5/2. Let n be ((-10)/3)/(2/m). Suppose -2*h - 919 = -n*g, 4*h - 638 = -4*g + 114. Is g a prime number?
False
Suppose -3*m - 3 = -2*m. Let r(g) = 5*g**2 + 3*g - 7. Let i(s) = -s**2 - s + 1. Let z(d) = 4*i(d) + r(d). Is z(m) composite?
True
Let v = 1884 - 1217. Is v a prime number?
False
Suppose -n - 671 = 4*n + 4*c, 4*n = -5*c - 535. Let d be (4 + 0)/(5 + -6) + -62. Let j = d - n. Is j a composite number?
True
Let m be (34/6)/(-3 + (-917)/(-306)). Let w = -1049 - m. Is w a prime number?
False
Let n(b) = -200*b + 147. Is n(-5) a prime number?
False
Let r = -107 + 231. Suppose 1074 = 4*d + 2*o, 2*o = 3*d + r - 919. Is d composite?
True
Let h(o) = -o. Let d(v) = -39*v - 80. Let s(c) = -d(c) + h(c). Is s(7) a composite number?
True
Let b(v) = v**3 - 3*v**2 - 7*v - 6. Let z be (1 + (1 - (1 + 8)))*-1. Is b(z) a composite number?
True
Suppose -3*v = 7*v - 38030. Is v a composite number?
False
Let r = 10 - 29. Let h = r - -4. Is -358*(1 + h/6) composite?
True
Let a = 136314 - 85097. Is a a composite number?
False
Let i = -117 - -41. Is 3 - (8 - 1)*i prime?
False
Let d(f) = -7334*f + 4. Let o be d(1). Is -2 + 26/(-39) + o/(-6) a composite number?
True
Suppose 3*i - 9887 = 4171. Is (-2)/4*i/(-3) a prime number?
False
Let n(w) = -2*w + 2*w**2 - 5 + 5*w**2 - 3*w. Suppose -2 - 3 = -v. Is n(v) a prime number?
False
Let k(p) = -p**2 + 6*p**2 + 1 - 2*p**2 - 5*p**2. Let q be k(-2). Is (-4 - q) + 155 + 3 a composite number?
True
Let b be (469 - 3)*(-1)/((-3)/(-3)). Let v = b + 1173. Is v prime?
False
Let c(a) = 17*a**3 + 4*a**2 - 2*a + 10. Suppose 3*m + 3*x = -3, 5*m + 3*x - 2*x - 11 = 0. Is c(m) a composite number?
False
Is (-6)/36 + 10*(-1835)/(-12) composite?
True
Let q(a) = -a - 5. Let d be q(0). Let g(t) = 3440*t**2 - 3441*t**2 - t + 1 - 8*t. Is g(d) prime?
False
Let m = 6 + -12. Let t be 3/(-2)*m/9. Is (593 - 6)/(t - 0) a prime number?
True
Let x = -18 + 20. Suppose 2*a - 3*a - x*u + 19 = 0, -5*u = a - 13. Let k = -8 + a. Is k prime?
False
Is -1*(-3 + 0)*359 composite?
True
Let o be 12/9 + (-68)/6. Let q be (1 - o)*(2 - -255). Suppose -4*k = k + 3*n - 2819, 5*k = n + q. Is k a prime number?
False
Suppose -2*z + 23978 = -2*r, 3*r + 26260 = 5*z - 33685. Is z a prime number?
False
Let r(w) = -w**3 - w**2 + w - 1. Let s be r(0). Let n be (-3 - -3)*s/(-2). Suppose 4*v = 10 - 2, -4*x + 3*v + 350 = n. Is x a composite number?
False
Let l = -2716 - -5603. Suppose 4*h + 2892 = -4*g, 4*h = 8*h - g + l. Let x = 1039 + h. Is x a composite number?
False
Let z be 5/((-60)/8)*36. Let j = z - -27. Suppose 3*t = 4*q + 85, 5*t - j*q - 15 - 145 = 0. Is t a prime number?
False
Let c(g) = -69*g + 34. Let k be c(-6). Let o = k - 257. Is o a composite number?
False
Suppose 3*x - 141 = 273. Suppose -25921 = -11*p - 12*p. Suppose p = 5*j - x. Is j a composite number?
True
Suppose 392 = 4*t - 176. Suppose 0 = -3*p - t + 3943. Is p prime?
False
Is 1/(213170/(-42635) + 5) a composite number?
False
Let j(z) = -17 - 89*z + 42*z + 43*z. Is j(-9) a prime number?
True
Let a(w) = 1179*w**3 + 1. Suppose -l + 3 = 2*l. Let i be a(l). Suppose 0 = n + 3*n - i. Is n composite?
True
Is (1080/(-25) + 5)*(-2 - 3) a prime number?
True
Let y be (-7589)/(-4) + 4/(-16). Let k be y/(0 + (5 - 4)). Suppose 0 = -3*d + 4*p + k, -4*d - p - 1250 = -3773. Is d composite?
False
Suppose -9*i = -7*i - 336. Let p be 0/(-2) - -314 - -1. Suppose i + p = 3*r. Is r prime?
False
Suppose -776 = -0*d - d. Let r = d + -105. Is r a prime number?
False
Is ((-10)/15)/(4/(-78486)) a composite number?
True
Suppose -1277*p = -1273*p - 26140. Is p a prime number?
False
Suppose -y = 2*y + 3. Let i(l) = -5*l - 1. Let q be i(y). Suppose q*r - 388 = -0*r. Is r a composite number?
False
Let l = 1 + -6. Let b(t) be the second derivative of 11*t**4/12 + 7*t**3/6 - t**2/2 + 182*t. Is b(l) a composite number?
False
Is (38 - 44)*5077/(-6) a prime number?
True
Suppose -5*z = 4*o + o + 5, 0 = 5*z - 3*o - 3. Suppose -2*f - 6253 = -5*k - z*f, 5*k - 6233 = -3*f. Is k prime?
True
Let z(n) be the third derivative of -637*n**4/24 - n**3/3 - 5*n**2. Let y be z(-1). Is 2/(-2)*y/(-5) composite?
False
Let r(l) = 183*l**2 + 16*l - 48. Is r(11) a composite number?
False
Let h(z) = -2*z + 8. Let g(d) = 5*d - 17. Let r(n) = -3*g(n) - 7*h(n). Let u be r(0). Let b = u - -12. Is b a composite number?
False
Suppose -4*d + 22 = -14. Suppose 5*t + o - 11 = 0, 4*t - d = 4*o - 5*o. Is ((-114)/(-4